prime factors of 3843193744.
2, 13, 2551, 7243
What are the prime factors of 921411968?
2, 17, 59, 7177
List the prime factors of 74477518.
2, 181, 233, 883
What are the prime factors of 2568024429?
3, 197, 1289, 3371
List the prime factors of 53382712.
2, 37, 180347
List the prime factors of 282615538.
2, 19, 347, 21433
List the prime factors of 18445696.
2, 53, 2719
List the prime factors of 2009856280.
2, 5, 17, 37, 127
List the prime factors of 1397891170.
2, 5, 13, 271, 39679
List the prime factors of 1320119375.
5, 2112191
What are the prime factors of 623269875?
3, 5, 467, 3559
What are the prime factors of 12694818?
2, 3, 17, 124459
List the prime factors of 73933605.
3, 5, 31, 52999
What are the prime factors of 101594954?
2, 131, 401, 967
List the prime factors of 763839273.
3, 19, 13400689
What are the prime factors of 260178?
2, 3, 103, 421
List the prime factors of 284445386.
2, 142222693
What are the prime factors of 9892402?
2, 13, 17, 22381
List the prime factors of 477010076.
2, 3691, 32309
What are the prime factors of 255362299?
19, 13440121
What are the prime factors of 22891459?
22891459
What are the prime factors of 971818905?
3, 5, 103, 629009
List the prime factors of 2942109838.
2, 2221, 662339
What are the prime factors of 190301705?
5, 11, 41, 84391
What are the prime factors of 94986711?
3, 23, 71, 281
List the prime factors of 7282375.
5, 17, 23, 149
List the prime factors of 156218904.
2, 3, 2169707
List the prime factors of 36038659.
3011, 11969
List the prime factors of 175207537.
23, 7617719
List the prime factors of 1319072109.
3, 17, 53, 488003
What are the prime factors of 811710389?
7, 115958627
List the prime factors of 109547903.
9817, 11159
What are the prime factors of 16370059?
16370059
List the prime factors of 55080767.
7, 67, 117443
List the prime factors of 6619014406.
2, 3309507203
What are the prime factors of 531585116?
2, 19, 463, 15107
List the prime factors of 161266478.
2, 23, 3505793
What are the prime factors of 1035842?
2, 19, 27259
List the prime factors of 176847240.
2, 3, 5, 883, 1669
List the prime factors of 142400564.
2, 35600141
List the prime factors of 108065719.
17, 367, 17321
List the prime factors of 290999011.
4363, 66697
What are the prime factors of 78312673?
29, 101, 26737
List the prime factors of 103908369.
3, 17, 2037419
List the prime factors of 4411087559.
11621, 379579
What are the prime factors of 57777325?
5, 107, 21599
List the prime factors of 108684221.
108684221
What are the prime factors of 20542644?
2, 3, 151, 3779
What are the prime factors of 2432886359?
2432886359
What are the prime factors of 14282323?
11, 67, 19379
What are the prime factors of 288024367?
631, 456457
List the prime factors of 1306644200.
2, 5, 79, 82699
What are the prime factors of 685002738?
2, 3, 7, 16309589
List the prime factors of 10849118.
2, 7, 709, 1093
List the prime factors of 28303673.
19, 1489667
What are the prime factors of 1365297016?
2, 170662127
What are the prime factors of 98764306?
2, 131, 376963
List the prime factors of 791675375.
5, 19, 333337
What are the prime factors of 6401702595?
3, 5, 426780173
What are the prime factors of 145193320?
2, 5, 211, 17203
List the prime factors of 137866277.
17, 2423, 3347
List the prime factors of 31745643.
3, 31, 353, 967
List the prime factors of 54037904.
2, 29, 116461
List the prime factors of 53322097.
29, 1838693
List the prime factors of 986118164.
2, 19, 73, 177743
What are the prime factors of 71834504?
2, 7, 53, 24203
What are the prime factors of 267011039?
239, 251, 4451
List the prime factors of 92039554.
2, 46019777
What are the prime factors of 757053444?
2, 3, 7, 113, 79757
List the prime factors of 2435893856.
2, 11, 991, 6983
List the prime factors of 185286.
2, 3, 30881
List the prime factors of 176778783.
3, 541, 36307
List the prime factors of 1041845104.
2, 257, 253367
What are the prime factors of 3007242932?
2, 37, 601, 33809
List the prime factors of 7384036.
2, 11, 283, 593
List the prime factors of 121326780.
2, 3, 5, 19, 106427
What are the prime factors of 3591607854?
2, 3, 598601309
What are the prime factors of 81733020?
2, 3, 5, 29, 107, 439
List the prime factors of 1529433893.
13, 149, 789589
What are the prime factors of 191585850?
2, 3, 5, 89, 113, 127
What are the prime factors of 2014822?
2, 41, 24571
List the prime factors of 95018766.
2, 3, 373, 42457
What are the prime factors of 69620984?
2, 17, 271, 1889
What are the prime factors of 47687084?
2, 2053, 5807
What are the prime factors of 32437428?
2, 3, 17, 29, 5483
List the prime factors of 34443514.
2, 7, 107, 22993
List the prime factors of 337080461.
7877, 42793
What are the prime factors of 29673233?
29673233
What are the prime factors of 3173298?
2, 3, 528883
What are the prime factors of 60957281?
7, 11, 229, 3457
What are the prime factors of 54287586?
2, 3, 43, 70139
List the prime factors of 2103372493.
2103372493
List the prime factors of 231871906.
2, 7, 2647, 6257
List the prime factors of 240895046.
2, 7, 137, 125597
What are the prime factors of 36592392?
2, 3, 1524683
What are the prime factors of 651367870?
2, 5, 43, 137, 11057
What are the prime factors of 332282449?
23, 83, 174061
List the prime factors of 54167307.
3, 383, 47143
List the prime factors of 3713660016.
2, 3, 11, 179, 39293
What are the prime factors of 3528130644?
2, 3, 98003629
What are the prime factors of 121252961?
121252961
List the prime factors of 63652935.
3, 5, 4243529
List the prime factors of 25404471.
3, 2822719
List the prime factors of 1785937805.
5, 17, 21011033
List the prime factors of 1428517300.
2, 5, 7, 103, 19813
What are the prime factors of 297055464?
2, 3, 12377311
What are the prime factors of 222831799?
269, 828371
What are the prime factors of 53223289?
7, 41, 53, 3499
List the prime factors of 1424886057.
3, 7, 19, 1190381
What are the prime factors of 92428199?
43, 2149493
What are the prime factors of 47941901?
7, 29, 236167
What are the prime factors of 978814678?
2, 17, 19, 4691
List the prime factors of 13792492.
2, 7, 191, 2579
What are the prime factors of 26045172?
2, 3, 349, 691
List the prime factors of 94200383.
17, 2029, 2731
List the prime factors of 29257672.
2, 283, 12923
List the prime factors of 2393560.
2, 5, 13, 4603
What are the prime factors of 2916822919?
2916822919
What are the prime factors of 1354435049?
11, 47, 953, 2749
List the prime factors of 1316203566.
2, 3, 23, 41, 353, 659
List the prime factors of 46100151.
3, 1707413
What are the prime factors of 146518646?
2, 47, 1558709
List the prime factors of 142033049.
142033049
What are the prime factors of 141020399?
13, 10847723
List the prime factors of 449222011.
7, 53, 337, 3593
What are the prime factors of 34397759?
11, 271, 1049
List the prime factors of 361233930.
2, 3, 5, 73, 281, 587
What are the prime factors of 279681860?
2, 5, 821, 17033
List the prime factors of 658283251.
7717, 85303
What are the prime factors of 7243739578?
2, 3621869789
List the prime factors of 2092298554.
2, 29, 2213, 16301
List the prime factors of 35803969.
419, 85451
What are the prime factors of 590276447?
11867, 49741
List the prime factors of 632400690.
2, 3, 5, 2153, 9791
List the prime factors of 153403563.
3, 17, 353, 8521
What are the prime factors of 49326233?
11, 4484203
What are the prime factors of 6794010958?
2, 7, 53, 191, 47939
What are the prime factors of 35190805?
5, 13, 23, 23539
What are the prime factors of 29216221?
43, 67, 10141
What are the prime factors of 729372724?
2, 182343181
List the prime factors of 1241197135.
5, 19, 619, 21107
What are the prime factors of 510872464?
2, 41, 778769
List the prime factors of 237827757.
3, 41, 1103, 1753
What are the prime factors of 6729858?
2, 3, 17, 7331
What are the prime factors of 80064726?
2, 3, 7, 272329
What are the prime factors of 94677829?
94677829
List the prime factors of 6008886.
2, 3, 13, 25679
What are the prime factors of 299865377?
7, 5081, 8431
What are the prime factors of 144407664?
2, 3, 223, 1499
List the prime factors of 101719003.
73, 479, 2909
List the prime factors of 1018515056.
2, 13, 229, 21383
List the prime factors of 154345426.
2, 37, 797, 2617
What are the pri